reatest common divisor of k and 11.
11
Suppose 6*b + 2*y - 12 = 2*b, 3*b - 23 = 2*y. Suppose -58*j = -1541 - 1069. Calculate the greatest common factor of j and b.
5
Let w be (18/8 - 2 - -14)/((-6)/(-16)). What is the highest common divisor of w and 7714?
38
Let n(r) = -850*r + 9050. Let i be n(9). What is the greatest common factor of 4725 and i?
175
Let s be 70/(-10) - 56 - 7. Let t be 930/s*-7 - (-4 - 1). What is the highest common factor of t and 21?
7
Let c = -868 - -868. Suppose x + 2*p - 410 = c, -4*p = -p + 6. What is the highest common divisor of 92 and x?
46
Let h(n) = 8*n - 39. Let r = -655 - -666. Let b be h(r). Calculate the greatest common factor of 84 and b.
7
Let l(t) = 91*t + 2586. Let v be l(-28). What is the greatest common factor of 5111 and v?
19
Suppose 105*y - 14*y = 2093. What is the highest common factor of y and 3979?
23
Let w = -1171591 - -1171635. Let f(j) = -j**3 - 3*j**2 + 2*j - 4. Let m be f(-5). What is the highest common factor of m and w?
4
Suppose 0 = 952*m - 956*m + 42064. What is the greatest common factor of 44 and m?
44
Let v = 30317 + -28842. Calculate the highest common factor of v and 20.
5
Let j(f) = 75*f + 243. Let c be j(-12). Let x = 753 + c. Calculate the greatest common divisor of 528 and x.
48
Let a(n) = 186*n**2 - 1. Let o be a(-1). Let d(g) = -4*g - 13*g - 2 + 2 + 6. Let y be d(-4). Calculate the highest common divisor of y and o.
37
Suppose -4*i = -8*i + 12. Suppose i*t - 520 = -t. Let w be (-3)/((-196)/(-52) + -4). What is the highest common factor of w and t?
13
Let b(g) = -g + 228. Let l be b(-17). Calculate the highest common factor of 14 and l.
7
Let d(p) = -p**3 - 29*p**2 - 7*p - 2. Let q be d(-29). Suppose 23 = 7*l - q. Calculate the highest common divisor of l and 112.
16
Suppose -29*j - 2640 = -17*j - 20*j. Calculate the greatest common divisor of 1830 and j.
30
Let q(l) = 6*l - 1. Let r be q(3). Let j be 238*(1188/2024 + 12/(-138)). Calculate the greatest common factor of r and j.
17
Suppose 5*m - 3*b + 20 = 2*b, m - 5*b = -12. Let v(c) = -59*c - 10. Let t be v(m). Let n be -6 + 9 - 9*-1. Calculate the highest common factor of n and t.
12
Suppose -7*p = -2*p - 120. Let x be 1*(-3)/6*p/3. Let r be x/(-10) + (-73)/(-5). Calculate the highest common factor of r and 45.
15
Let x(w) = w**3 - 8*w**2 - w - 60. Let p be x(10). What is the greatest common factor of p and 230?
10
Suppose -5*v + 5625 = -78*v + 20955. What is the highest common divisor of v and 280?
70
Let w(i) = 8*i + i**2 - 17 - 4 + 4. Let s be w(-10). Suppose -63 = -3*r - s. Calculate the greatest common divisor of r and 8.
4
Let x(f) = -14*f - 62. Let t be x(-6). Suppose -3*s = -3*m + 408, 3*m - 233 = 2*s + 179. Let u = m - 74. What is the highest common divisor of t and u?
22
Suppose 14 = -18*k + 20*k. Let w = 523 - 272. Suppose 105 = 3*h + g - 45, -5*h - 2*g = -w. What is the greatest common factor of k and h?
7
Let u be (-123)/(-2 + -1) + (0 - -1). Suppose 60*t + 66*t - 132300 = 0. What is the highest common divisor of u and t?
42
Suppose -2*x = -3 + 7, x = -3*a + 232. Calculate the greatest common divisor of 832 and a.
26
Let a be 11/((-22)/8) + -5 + 94. Calculate the greatest common divisor of a and 153.
17
Suppose 2*v = -29 + 37. Suppose 3*y + 0 = v*u + 2, u - 3*y + 5 = 0. Suppose 7 - u = l. What is the greatest common factor of 4 and l?
2
Suppose 0 = 4*m + 3*q + 212 - 72, 3*q = 0. Let g be 1784/28 - ((-60)/m + -2). What is the highest common factor of g and 16?
16
Let b = -6598 + 6710. Calculate the highest common factor of 28 and b.
28
Let x(k) = -k**3 - 6*k**2 - 6*k - 26. Let p be x(-4). Let g = -69 + 120. Let z = g + p. What is the greatest common divisor of 221 and z?
17
Let y be ((-3008)/141 - (8 + -2))*(-79 + 1). What is the highest common factor of y and 246?
82
Let i(v) = 10*v**2 + 271*v - 8. Let d be i(-32). What is the greatest common divisor of d and 78?
78
Suppose 4*p + 570 + 436 = 2*o, 2*p - 5*o = -515. Let s = p - -258. Let j = -73 + 113. Calculate the greatest common factor of j and s.
8
Suppose 1061 = 5*u + w, 239 + 392 = 3*u - 5*w. Suppose -3*z + 2*z - b = -44, -5*z + u = 3*b. What is the highest common divisor of z and 10?
10
Let a be ((-9)/(-15))/(11*(-13)/(-77220)). Calculate the greatest common factor of 108 and a.
108
Let b be (-66)/(28/(-24) + 2/(-6)). Let g be b/20 - (-3)/(-15). Calculate the highest common factor of 1 and g.
1
Let u be 41 - -27 - 28/2. Suppose -2*o = 3*o. Suppose 5*k = -5*w - o*w + 95, 69 = 4*k - 3*w. Calculate the greatest common divisor of k and u.
18
Let c(y) = 2*y**2 + 30*y + 35. Let b be c(55). What is the highest common divisor of 119 and b?
119
Let x(l) = -18*l + 6. Let b(v) = -6*v + 2. Let p(u) = -7*b(u) + 2*x(u). Let j be p(-9). Let y = j - -125. What is the highest common factor of 46 and y?
23
Suppose 0*j + 3172 = 14*j - j. Calculate the highest common divisor of j and 2013.
61
Let j be (-2)/((-10)/1125*5). Let p(z) = -14*z + 12. Let c be p(6). Let n be (-12)/c + 178/12. What is the greatest common factor of n and j?
15
Suppose 52*i - 332 = -2*q + 51*i, 0 = -i - 4. Let f(o) = 11*o - 11*o + 6 + 3*o. Let h be f(6). What is the greatest common factor of h and q?
24
Let p = -1200 - -1689. Let u = p - 1. Calculate the greatest common factor of u and 8.
8
Let l(t) = -22*t + 737. Let x be l(7). Calculate the highest common factor of 44 and x.
11
Suppose 2*o - 12 = 2*n, 5 = 5*n + o + 17. Let u be (-2)/n - 458/(-6). Calculate the highest common divisor of 209 and u.
11
Let i be 3/6*-8 - -29. Let j be (80/(-28) - -4)*(-21)/(-6). Suppose -j*a = a - i. Calculate the greatest common divisor of a and 50.
5
Let z(t) = -7*t**2 + 580*t - 151. Let r be z(80). Calculate the greatest common factor of r and 84.
21
Let f be ((-105)/9 + 12)*15. What is the greatest common divisor of f and 1140?
5
Let o = 3872 + -3732. What is the highest common factor of o and 180?
20
Let y(s) = 3*s**3 + 18*s**2 + 18*s + 39. Let m be y(-4). Calculate the highest common divisor of m and 903.
21
Suppose 0 = -3*d - 15824 + 15791, -5*c + 4*d = -94. Let q(p) = 22*p**2 + 4*p + 2. Let m be q(4). What is the highest common factor of c and m?
10
Suppose 0 = 2*v - 13 - 59. Let w = v + -34. Suppose 5*x - 30 = -5*r, -w*x + 1 + 7 = 0. Calculate the highest common factor of 6 and r.
2
Suppose 0 = -2*k - 2, -306 = -4*p - 5*k + 109. Calculate the greatest common factor of 770 and p.
35
Let v(d) = d**2 - 11*d - 107. Let b be v(24). Calculate the greatest common divisor of b and 5207.
41
Suppose -74 = 11*i - 129. Let w = -75 + 143. Suppose -4*b = 2*n - 8, -b - w = -i*n + b. Calculate the highest common factor of 96 and n.
12
Let w(l) = 3*l - 72. Let t = 119 - 93. Let r be w(t). Calculate the highest common divisor of 96 and r.
6
Let h(j) = -42*j - 416. Let l be h(-10). Suppose -2*f + 3*f - 312 = -3*m, -5*f = 15. Suppose -d = l*d - m. What is the greatest common divisor of 168 and d?
21
Suppose 17*p = 13*p - h + 5, 2*h - 10 = 0. Let m(g) = -23*g + 18. Let u be m(p). Let s be (-2 + 1)*-197 - -1. Calculate the greatest common divisor of s and u.
18
Suppose 0 = 5*v - 0*v - 40. Suppose 2*a = -3*g - v, 5*a = g - 10 - 10. Let z be (a/10)/((-5)/175). What is the greatest common factor of z and 35?
7
Let f be 8/28 + (-556)/(-14). Let x(y) = 5*y**2 + y + 5. Let p be x(0). Suppose -1708 + 108 = -p*k. What is the highest common divisor of k and f?
40
Let o be (-6)/27 - (-1586)/9. Let y be 396/(-27)*(-3)/2. What is the greatest common factor of o and y?
22
Let a = -249 - -612. Calculate the highest common divisor of 99 and a.
33
Let n(u) = 49*u + 12. Let q be n(2). Let j = q + -40. Let v = 97 - j. What is the highest common factor of v and 18?
9
Let a(b) = -b**2 + 8*b - 12. Let c be a(5). Suppose 0 = -c*q + 18 + 57. Suppose -23*n = -q*n + 32. What is the greatest common divisor of 64 and n?
16
Let f = -703 + 33. Let z = f + 1048. Suppose -4*t + 11*t = z. What is the highest common divisor of t and 6?
6
Let o(r) = 44*r + 2. Let p be o(6). Let i be (-1014)/(-9) - (-5 - 84/(-18)). Let g = i + -75. Calculate the greatest common divisor of p and g.
38
Let h(a) be the second derivative of 17*a + 1/2*a**2 + 0 - 1/6*a**3. Let l be h(-9). What is the highest common divisor of 80 and l?
10
Suppose 0 = -13*k - 922 + 3145. Let z = 216 - k. W